sor of d and 1863.
69
Suppose 18*i = -3*q + 9789, 47 - 2763 = -5*i - 4*q. What is the highest common divisor of 1326 and i?
34
Let x = -7 - -15. Let w be x/20 - 24/(-15). Suppose -d + 1 = 4, -2*f + w*d = -54. Calculate the highest common divisor of 60 and f.
12
Let b(r) = 91*r**3 - 3*r**2 - 9*r + 4. Let x be b(4). What is the greatest common factor of x and 112?
16
Suppose -8*d = -4*d - 84. Let s be 6 + (-28)/(-5 - -9) + 8. What is the greatest common divisor of s and d?
7
Suppose -20 = 2*s + 176. Let u = s - -116. What is the greatest common factor of 18 and u?
18
Let r be 1/5 + ((-348)/(-5))/12. What is the highest common divisor of r and 1797?
3
Suppose 792 = 68*d - 64*d. Suppose 9*x + d = 15*x. What is the highest common divisor of x and 44?
11
Let a(q) = 11*q**2 - 22*q + 353. Let w be a(12). Calculate the greatest common divisor of w and 4063.
239
Suppose 18*x = 21*x - 39. Suppose m - 20 = 2*y, x*y - 18*y - 20 = 0. What is the greatest common factor of m and 66?
6
Let t be (-3)/4 - -1 - (-154)/(-8). Let c = t + 17. Let i be (2 - (-25 + -4)) + c. What is the greatest common factor of i and 203?
29
Suppose 0 = 5*i - 42 - 33. Let g(m) = 8*m - 54. Let v be g(13). Suppose 3*x = -5*y + v, -5*y + 26 = 5*x - 54. Calculate the greatest common divisor of x and i.
15
Let v(c) = -28*c - 399. Let x be v(-22). Let j = 47 - 16. Calculate the highest common factor of j and x.
31
Let u = 541 - -382. What is the greatest common factor of 284 and u?
71
Let m be (-4599)/(-14) + 1*6/4. Let w = -219 + m. Suppose -331 = -2*c + i, -c + 55 = -i - w. What is the greatest common factor of c and 66?
33
Let c = -7597 - -7657. Calculate the highest common divisor of c and 3945.
15
Let h = -2977 - -3009. What is the highest common factor of h and 172?
4
Suppose 47 + 105 = 8*a. Suppose 3*d - a + 4 = 0. Suppose d*i - 32 = -2*y, 21 - 86 = -5*y - 5*i. What is the highest common factor of 33 and y?
11
Let u be 1 + (192 - (0 - 2)). Let h = -639 + u. Let o be h*(-5)/10 - 1. Calculate the highest common divisor of 17 and o.
17
Let y = -18406 - -18434. What is the highest common factor of 2996 and y?
28
Let g = 653 + 608. Calculate the greatest common factor of 39 and g.
13
Let p = 18 + -16. Suppose 5*a - 5*h + 50 = 0, p*a - 5*h + 24 = -2*h. Let w be 18*1*(-28)/a. Calculate the highest common divisor of w and 12.
12
Suppose 20 = 2*x - 5*k + 2, -2*x = 2*k - 18. Let p(t) = -20 - 6 + t + 10*t - 10. Let g be p(x). What is the greatest common factor of g and 9?
9
Let v = -78 + 90. Suppose -5*u = u - 168. Suppose -4*c + 20 = -u. What is the greatest common divisor of c and v?
12
Let j(z) = -11*z**2 - 77*z + 4. Let x be j(-7). Suppose x*p = m + 30, p - 27 = -3*m - 13. Calculate the greatest common factor of 256 and p.
8
Suppose -20370 = -764*f + 570*f. Calculate the greatest common divisor of 38535 and f.
105
Let a = -137 + 267. Let d = -121 + a. What is the greatest common factor of 3 and d?
3
Let i(j) = -j**3 + 27*j**2 + 27*j + 38. Let d be i(28). Suppose 11 = -9*s + d*s. Suppose -3*t = -41 - 58. What is the highest common factor of s and t?
11
Let w(c) = c + 60. Let n(f) = f**3 - 9*f**2 + 14*f - 17. Let u be n(7). Let x be w(u). Calculate the highest common factor of 43 and x.
43
Let c be (101 - (5 - -5)) + (2 - 3). Calculate the highest common factor of c and 42.
6
Let n be ((-104736)/18)/(-8) - (-2)/(-6). Let z = -698 + 293. Let d = n + z. Calculate the greatest common divisor of d and 46.
46
Suppose 2*l = 4, l = -2*s - 12 + 76. Suppose -12*f = -0*f. Suppose -2*w - 2*c = -564, f = w - 0*w - 3*c - 270. Calculate the greatest common factor of s and w.
31
Suppose -25*k + 14*k - 8*k = -4560. Calculate the highest common factor of k and 156.
12
Suppose 13*a = 2*a - 3564. Let j = 332 + a. Calculate the highest common divisor of j and 5.
1
Let j(c) = 3*c**2 + 8*c - 3187. Let h be j(35). What is the highest common divisor of h and 744?
24
Let k(p) = p**3 - 5*p**2 + 7*p - 6. Let a be (1 - -5) + (-4 - -2). Let n be k(a). Let b = 4603 - 4588. Calculate the greatest common divisor of n and b.
3
Suppose 19*n - 432 - 441 = 400. Calculate the greatest common divisor of 1340 and n.
67
Suppose -842 - 1593 = -5*b + y, -4*y + 20 = 0. Let d = b - 423. Calculate the highest common factor of 273 and d.
13
Let z(o) = -28*o**2 - 6 + 18 + 57 + 25*o + o**3 - 9. Let u be z(27). Calculate the highest common factor of 51 and u.
3
Suppose 0 = u - 14 + 4. Suppose -4 = -3*l - u. Let m be (-216)/l - 0*(-1 + 2). What is the highest common divisor of m and 27?
27
Let h be (-20)/16 + (-6)/8. Let m = h - -3. Let u be ((-8)/(-7))/((-8)/(-70)). What is the greatest common divisor of m and u?
1
Let l be 5/(-15) - (-5137)/(-33). Let a = l - -177. Calculate the greatest common factor of 15 and a.
3
Suppose -3*r - 8*r = -6776. Suppose 0 = -2*f - 2*f + r. Let t = 262 - f. What is the highest common factor of 27 and t?
27
Suppose 258 = -2*o + 4*o - 4*y, o + 3*y - 109 = 0. Suppose 10*q - o - 29 = 0. Calculate the highest common factor of q and 555.
15
Suppose 5*y - i - 71 = 0, 76*y + i + 23 = 78*y. Calculate the greatest common factor of 232 and y.
8
Let g(u) = 161*u + 2892. Let k be g(-13). Calculate the greatest common factor of k and 51.
17
Let j(r) = 5*r + 240. Let t be j(-43). Suppose -4*m + 988 = 3*h, 20*m - 25*m = t. What is the greatest common divisor of 21 and h?
21
Let p be (-276)/(-22) - ((-244)/(-44) - 5). What is the greatest common factor of 512 and p?
4
Let p = -295 + 298. Suppose 3*d + p = 0, 6*n - d = 5*n + 157. Calculate the highest common divisor of n and 260.
52
Let m be (56/(-252))/(2/(-1461)) - (-6)/(-18). Calculate the greatest common factor of m and 54.
54
Let j = 32349 - 32336. What is the greatest common factor of 19 and j?
1
Let q = 300 - 188. Let a be 1705/(-165) + 2*1/6. Let b = 4 - a. Calculate the greatest common factor of b and q.
14
Let w(q) = -q**2 + 51*q + 802. Let a be w(58). What is the highest common factor of a and 1056?
132
Let v(x) = x**3 - 31*x**2 - 96*x + 57. Let p be v(38). Suppose 0 = 56*f - p - 1323. What is the greatest common divisor of f and 4?
4
Suppose 4089 = 4*j + 3*a, 24*j - 21*j = 2*a + 3054. What is the greatest common factor of j and 80?
20
Let u(t) = -6*t**3 - 2*t**2 + 5*t + 6. Let f be u(-8). What is the greatest common factor of f and 30?
30
Suppose -47 + 310 = 16*b - 249. What is the greatest common divisor of b and 440?
8
Let i(x) = -110*x - 586. Let o be i(-14). What is the highest common divisor of o and 689?
53
Let h(b) = -9 + 2*b - 13 + 3*b**2 + 21. Let v be h(5). What is the highest common divisor of v and 12?
12
Suppose 5*d = 20, -20*u = -22*u - 2*d + 22. Let y(t) = 20*t**2 + 3*t + 4. Let j be y(-1). Calculate the highest common divisor of u and j.
7
Suppose 8*k - 2*k - 12 = 0. Suppose 0 = -k*p + 2*c + 18, -4*p = -c - 4*c - 35. Suppose -120 = 2*m - p*m. What is the greatest common divisor of 45 and m?
15
Let g be ((-50)/240*-6)/((-2)/88). Let c be 2/6 - 190/3. Let w = g - c. Calculate the highest common factor of 32 and w.
8
Suppose 388 = m + 3*m. Let o = 55 - m. Let j = 51 + o. Calculate the highest common divisor of 72 and j.
9
Let j(r) = -355*r + 7140. Let k be j(20). What is the greatest common factor of k and 73040?
40
Let l be ((-191088)/96)/(0 - (-1)/(-4)). What is the greatest common factor of l and 18?
6
Suppose -4*n = -2*t - 1007 + 375, -5*n + 790 = 2*t. Calculate the highest common divisor of 4187 and n.
79
Suppose 39807 = 82*g - 4319 - 482. What is the highest common divisor of 64 and g?
32
Let f(l) = -26*l - 3492. Let c be f(-135). What is the greatest common factor of c and 1926?
18
Let f = -380 + 247. Let y = f - -140. Calculate the greatest common divisor of y and 7.
7
Let p(g) = -g**3 - 5*g**2 - 28*g - 6. Let h be p(-8). Suppose -35*u + h = -25*u. What is the greatest common divisor of u and 41?
41
Suppose -396 = -4*n - 2*v, -v + 106 = -4*n + 484. What is the greatest common divisor of 416 and n?
32
Let s(c) = c + 36. Suppose -3*a = -2*d - 49, -3*d = -2*a + 30 + 31. Let r be s(d). What is the greatest common divisor of 304 and r?
19
Let t be (-3 + 0)/((-33)/22). Let k = -93 + 95. Suppose -3*s = -x + k*x - 75, 110 = t*x - 4*s. What is the greatest common factor of 9 and x?
9
Let c(i) = 25*i**2 - 26*i - 4. Let x be c(5). Suppose -1453 - x 